3 a prime number?
True
Is 72476554 a prime number?
False
Is 1619354237 composite?
False
Is 7358752199 composite?
False
Is 1213362983 composite?
True
Is 3210204719 a composite number?
True
Is 41210495429 prime?
True
Is 391228249 prime?
True
Is 20067467611 composite?
False
Is 797108089 a prime number?
False
Is 1822675333 a prime number?
True
Is 11409123811 a prime number?
False
Is 290990597 a prime number?
True
Is 39404272231 composite?
True
Is 309564449 a prime number?
True
Is 78511472285 prime?
False
Is 42604743963 prime?
False
Is 7553129659 a prime number?
True
Is 41428931062 composite?
True
Is 3289534337 prime?
True
Is 1002813173 prime?
True
Is 5263735937 a prime number?
True
Is 1637554817 prime?
False
Is 2178071417 prime?
True
Is 1642630079 composite?
True
Is 229058005387 composite?
True
Is 4302984001 composite?
True
Is 3343953541 a composite number?
False
Is 30383833 composite?
False
Is 18432195989 prime?
True
Is 44555312327 a composite number?
True
Is 63118934 composite?
True
Is 2676855187 composite?
True
Is 1914575477 prime?
False
Is 25229046719 composite?
True
Is 4287921341 composite?
True
Is 27412848433 a composite number?
False
Is 3403343183 a prime number?
False
Is 45668611699 a composite number?
True
Is 46348501189 composite?
False
Is 41588574679 a prime number?
True
Is 37044165443 composite?
False
Is 17373004573 composite?
False
Is 1387683233 a composite number?
False
Is 1635372301 prime?
False
Is 153050861 prime?
True
Is 5825644493 a prime number?
False
Is 10750215601 a composite number?
False
Is 33246674 a composite number?
True
Is 647573833 a prime number?
False
Is 58508703815 prime?
False
Is 115761671573 a composite number?
False
Is 3178975997 a composite number?
False
Is 33876267497 a prime number?
True
Is 872858507 a prime number?
True
Is 17225078401 composite?
True
Is 227232878087 prime?
True
Is 1936709503 a composite number?
True
Is 15199756889 prime?
False
Is 890665739 a composite number?
True
Is 63351119 a composite number?
True
Is 5712148795 composite?
True
Is 20023109903 prime?
False
Is 5389019 composite?
False
Is 2268282209 composite?
True
Is 19099501669 composite?
True
Is 14388578341 prime?
False
Is 1168409353 composite?
False
Is 61285533949 a composite number?
False
Is 1495424681 a composite number?
True
Is 7222605989 a composite number?
False
Is 33179313397 composite?
False
Is 726533081 composite?
True
Is 67003261517 a prime number?
True
Is 85603590481 a prime number?
True
Is 10551645295 prime?
False
Is 1303687586 composite?
True
Is 3449245607 a prime number?
True
Is 533883443 a prime number?
False
Is 146819177 composite?
True
Is 1307146193 a composite number?
False
Is 54011145491 a prime number?
True
Is 285693393967 composite?
False
Is 4737875323 a composite number?
True
Is 2469276155 prime?
False
Is 1424515979 composite?
True
Is 1050108877 prime?
False
Is 7455948595 a composite number?
True
Is 15607481269 a composite number?
True
Is 102836603 a prime number?
True
Is 61646449799 composite?
True
Is 102104791091 composite?
True
Is 322289365 a prime number?
False
Is 143871196334 a composite number?
True
Is 42269594867 a prime number?
False
Is 44466897287 prime?
False
Is 6965914031 composite?
True
Is 417475963 prime?
False
Is 8375344819 a prime number?
False
Is 29323071881 a prime number?
False
Is 654746189 a composite number?
True
Is 15913271219 composite?
False
Is 6523807183 a composite number?
True
Is 2529320957 a prime number?
True
Is 2928046619 a composite number?
True
Is 1527520019 a prime number?
False
Is 4415274301 a composite number?
False
Is 1210350451 a composite number?
True
Is 202815570473 composite?
False
Is 6147302461 composite?
True
Is 4718126041 composite?
False
Is 6251056697 a composite number?
False
Is 56593605491 prime?
True
Is 15317172853 a composite number?
False
Is 4975917673 prime?
False
Is 12341658471 composite?
True
Is 1419001583 a composite number?
True
Is 8303917537 prime?
True
Is 3316515155 a prime number?
False
Is 509181251 a prime number?
True
Is 133659653 prime?
True
Is 203233434103 prime?
False
Is 3120124717 a composite number?
False
Is 118042207 composite?
True
Is 96322027531 prime?
True
Is 137850283 a composite number?
False
Is 31437889247 a prime number?
False
Is 96422256031 composite?
True
Is 9939830749 prime?
True
Is 5087506013 a prime number?
True
Is 902259983 composite?
False
Is 2258307827 a composite number?
True
Is 783202271 prime?
True
Is 22334832281 a prime number?
True
Is 1600801457 composite?
True
Is 9437530411 a prime number?
False
Is 7299351061 prime?
False
Is 123010109791 composite?
False
Is 157676278713 prime?
False
Is 37284348619 composite?
True
Is 729811426 a prime number?
False
Is 1978230637 a prime number?
True
Is 9269157463 a composite number?
False
Is 720795293 a prime number?
False
Is 8243831821 a composite number?
False
Is 2440012919 composite?
True
Is 2386015169 prime?
True
Is 7943001887 a prime number?
True
Is 3613696561 a composite number?
False
Is 471028391 composite?
True
Is 3571563139 prime?
False
Is 1776111653 a composite number?
False
Is 54788473451 a prime number?
True
Is 388836445 a prime number?
False
Is 1938241639 a composite number?
True
Is 1769826203 a prime number?
False
Is 40663963193 composite?
True
Is 2742628985 a composite number?
True
Is 632571011 a prime number?
True
Is 1196024759 a composite number?
False
Is 11241796081 composite?
True
Is 6298770787 a prime number?
True
Is 1665345901 a prime number?
True
Is 1136571361 a composite number?
True
Is 75622607 a prime number?
True
Is 11368526997 composite?
True
Is 5301207077 prime?
True
Is 171672659 prime?
False
Is 785111257 a prime number?
False
Is 140023991 prime?
False
Is 1142924929 prime?
True
Is 12370894967 prime?
True
Is 481686001 prime?
True
Is 110255745671 prime?
False
Is 1548076469 a prime number?
False
Is 1430666071 prime?
False
Is 1196824753 a prime number?
True
Is 231060390007 a composite number?
True
Is 661361713 composite?
False
Is 24411851 prime?
False
Is 2048947861 a composite number?
True
Is 114103159 a prime number?
True
Is 385069169 a prime number?
True
Is 92483986745 prime?
False
Is 20304194479 composite?
False
Is 1739020433 composite?
True
Is 1292156337 composite?
True
Is 11784649897 a composite number?
True
Is 2773904363 prime?
False
Is 841056263 a composite number?
True
Is 788252173 prime?
True
Is 16404764609 composite?
False
Is 3358759927 prime?
False
Is 824767213 prime?
False
Is 16842746543 composite?
True
Is 1157294293 a composite number?
True
Is 37990481 a composite number?
True
Is 59386981 composite?
True
Is 10421894663 prime?
True
Is 36602473085 a composite number?
True
Is 1327704587 a prime number?
False
Is 32371193467 a composite number?
True
Is 760175147 a composite number?
False
Is 3111845678 a composite number?
True
Is 448085383 a composite number?
True
Is 34728127718 composite?
True
Is 724444813 prime?
True
Is 2009770709 a prime number?
True
Is 43083652549 prime?
False
Is 7694819479 a prime number?
False
Is 38300640479 composite?
True
Is 4184911141 a prime number?
True
Is 3203070029 a prime number?
False
Is 44300630609 prime?
True
Is 18870747229 a prime number?
True
Is 109120832453 a composite number?
False
Is 93601577 a prime number?
False
Is 371205551 composite?
False
Is 1632412547 composite?
True
Is 565785197 composite?
False
Is 104355678877 composite?
True
Is 1092959507 a prime number?
True
Is 13723635041 a prime number?
True
Is 226703621 prime?
True
Is 148964609 a composite number?
True
Is 1338737 a prime number?
True
Is 8964267346 prime?
False
Is 20502137885 a prime number?
False
Is 2251026299 a composite number?
False
Is 7143236603 a prime number?
False
Is 926071553 prime?
False
Is 636645001 prime?
False
Is 98562420431 prime?
False
Is 1799834263 prime?
True
Is 1519734199 prime?
True
Is 1576021 a prime number?
True
Is 8011779481 a composite number?
False
Is 483721963 a composite number?
False
Is 841708519 composite?
False
Is 4454891863 composite?
False
Is 485974463 prime?
False
Is 1434505099 a composite number?
True
Is 174619693 a prime number?
True
Is 303217907 composite?
False
Is 13627483591 composite?
True
Is 1537334401 a composite number?
True
Is 545857673 prime?
False
Is 916013687 a prime number?
True
Is 29991167021 prime?
True
Is 6013502519 comp